{"id":1239,"date":"2021-10-22T04:40:24","date_gmt":"2021-10-22T04:40:24","guid":{"rendered":"http:\/\/rainbowit.net\/themes\/imroz\/?page_id=1239"},"modified":"2023-10-31T19:20:57","modified_gmt":"2023-10-31T19:20:57","slug":"iletisim","status":"publish","type":"page","link":"https:\/\/ergeajans.com\/index.php\/iletisim\/","title":{"rendered":"\u0130leti\u015fim"},"content":{"rendered":"\t\t<div data-elementor-type=\"wp-page\" data-elementor-id=\"1239\" class=\"elementor elementor-1239\">\n\t\t\t\t\t\t\t\t\t<section class=\"elementor-section elementor-top-section elementor-element elementor-element-ae644ca elementor-section-full_width elementor-section-height-default elementor-section-height-default\" data-id=\"ae644ca\" data-element_type=\"section\">\n\t\t\t\t\t\t<div class=\"elementor-container elementor-column-gap-no\">\n\t\t\t\t\t<div class=\"elementor-column elementor-col-100 elementor-top-column elementor-element elementor-element-3905fde\" data-id=\"3905fde\" data-element_type=\"column\">\n\t\t\t<div class=\"elementor-widget-wrap elementor-element-populated\">\n\t\t\t\t\t\t\t\t<div class=\"elementor-element elementor-element-64590ca elementor-widget elementor-widget-imroz-main-services\" data-id=\"64590ca\" data-element_type=\"widget\" data-widget_type=\"imroz-main-services.default\">\n\t\t\t\t<div class=\"elementor-widget-container\">\n\t\t\t        <!-- Start Service Area  -->\n        <div class=\"rn-service-area rn-section-gap\">\n            <div class=\"container\">\n                                    <div class=\"row\">\n                        <div class=\"col-lg-12 mb--20 mb_sm--0\">\n                            <div class=\"section-title section-title--2 text-center\">\n                                                        <h2 class=\"title rbt-section-title\"><span>Size Nas\u0131l Yard\u0131mc\u0131 Olabiliriz?<\/span><\/h2>                            <p>\u0130leti\u015fim formumuzu doldurarak veya do\u011frudan e-posta veya telefon ile bize ula\u015fabilirsiniz.<\/p>\n                    \n                                                            <\/div>\n                        <\/div>\n                    <\/div>\n                                                    <div class=\"row service-main-wrapper \">\n                                                    <div class=\"service-item mt--30 col-lg-4 col-md-6 col-sm-6 col-12 elementor-repeater-item-24aca4e\">\n                                                                <div class=\"single-service\">\n                                                                            <div class=\"service service__style--2 \">\n                                                                                                                                                <div class=\"icon\">\n                                                        <svg xmlns=\"http:\/\/www.w3.org\/2000\/svg\" width=\"24\" height=\"24\" viewBox=\"0 0 24 24\" fill=\"none\" stroke=\"currentColor\" stroke-width=\"1\" stroke-linecap=\"round\" stroke-linejoin=\"round\" class=\"feather feather-phone-call\"><path d=\"M15.05 5A5 5 0 0 1 19 8.95M15.05 1A9 9 0 0 1 23 8.94m-1 7.98v3a2 2 0 0 1-2.18 2 19.79 19.79 0 0 1-8.63-3.07 19.5 19.5 0 0 1-6-6 19.79 19.79 0 0 1-3.07-8.67A2 2 0 0 1 4.11 2h3a2 2 0 0 1 2 1.72 12.84 12.84 0 0 0 .7 2.81 2 2 0 0 1-.45 2.11L8.09 9.91a16 16 0 0 0 6 6l1.27-1.27a2 2 0 0 1 2.11-.45 12.84 12.84 0 0 0 2.81.7A2 2 0 0 1 22 16.92z\"><\/path><\/svg>                                                    <\/div>\n                                                                                                                                                                                        <div class=\"content\">\n                                                                                                            <h3 class=\"title\">\u0130leti\u015fim Numaralar\u0131<\/h3>                                                                                                                                                                <p><a href=\"tel:+905546818732\">GSM: 0554 681 87 32<\/a>\n<br>\n<\/p>\n                                                                                                    <\/div>\n                                                                                    <\/div>\n                                                                    <\/div>\n                            <\/div>\n                                                    <div class=\"service-item mt--30 col-lg-4 col-md-6 col-sm-6 col-12 elementor-repeater-item-c2d46b0\">\n                                                                <div class=\"single-service\">\n                                                                            <div class=\"service service__style--2 \">\n                                                                                                                                                <div class=\"icon\">\n                                                        <svg xmlns=\"http:\/\/www.w3.org\/2000\/svg\" width=\"24\" height=\"24\" viewBox=\"0 0 24 24\" fill=\"none\" stroke=\"currentColor\" stroke-width=\"1\" stroke-linecap=\"round\" stroke-linejoin=\"round\" class=\"feather feather-mail\"><path d=\"M4 4h16c1.1 0 2 .9 2 2v12c0 1.1-.9 2-2 2H4c-1.1 0-2-.9-2-2V6c0-1.1.9-2 2-2z\"><\/path><polyline points=\"22,6 12,13 2,6\"><\/polyline><\/svg>                                                    <\/div>\n                                                                                                                                                                                        <div class=\"content\">\n                                                                                                            <h3 class=\"title\">E-posta Adresimiz<\/h3>                                                                                                                                                                <p> <a href=\"mailto:ersin@ergeajans.com\">ersin@ergeajans.com<\/a> \n\n<br>\n\n<a href=\"ergeajans@gmail.com\"> ergeajans@gmail.com<\/a><\/p>\n                                                                                                    <\/div>\n                                                                                    <\/div>\n                                                                    <\/div>\n                            <\/div>\n                                                    <div class=\"service-item mt--30 col-lg-4 col-md-6 col-sm-6 col-12 elementor-repeater-item-7fbbf17\">\n                                                                <div class=\"single-service\">\n                                                                            <div class=\"service service__style--2 \">\n                                                                                                                                                <div class=\"icon\">\n                                                        <svg xmlns=\"http:\/\/www.w3.org\/2000\/svg\" width=\"24\" height=\"24\" viewBox=\"0 0 24 24\" fill=\"none\" stroke=\"currentColor\" stroke-width=\"1\" stroke-linecap=\"round\" stroke-linejoin=\"round\" class=\"feather feather-map-pin\"><path d=\"M21 10c0 7-9 13-9 13s-9-6-9-13a9 9 0 0 1 18 0z\"><\/path><circle cx=\"12\" cy=\"10\" r=\"3\"><\/circle><\/svg>                                                    <\/div>\n                                                                                                                                                                                        <div class=\"content\">\n                                                                                                            <h3 class=\"title\">Konumumuz<\/h3>                                                                                                                                                                <p>Ayd\u0131n Adnan Menderes \u00dcniversitesi Teknokent B\u00f6lgesi No:37\/B Ayd\u0131n-T\u00fcrkiye\n<\/p>\n                                                                                                    <\/div>\n                                                                                    <\/div>\n                                                                    <\/div>\n                            <\/div>\n                                            <\/div>\n                            <\/div>\n        <\/div>\n        <!-- Start Service Area  -->\n        \t\t<\/div>\n\t\t\t\t<\/div>\n\t\t\t\t<div class=\"elementor-element elementor-element-3a3c6aa elementor-widget elementor-widget-imroz-contact\" data-id=\"3a3c6aa\" data-element_type=\"widget\" data-widget_type=\"imroz-contact.default\">\n\t\t\t\t<div class=\"elementor-widget-container\">\n\t\t\t        <!-- Start Contact Area  -->\n        <div class=\"rn-contact-area rn-section-gap bg_color--5\">\n            <div class=\"contact-form--1\">\n                <div class=\"container\">\n                    <div class=\"row row--35 align-items-start\">\n                        <div class=\"col-lg-6 order-2 order-lg-1\">\n                            <div class=\"section-title text-left mb--50 mb_sm--30 mb_md--30\">\n                                                        <h1 class=\"title rbt-section-title\"><span>Siz de bizimle ileti\u015fime ge\u00e7in ve i\u015finizin dijital d\u00fcnyada \u00f6ne \u00e7\u0131kmas\u0131na nas\u0131l katk\u0131 sa\u011flayabilece\u011fimizi ke\u015ffedin<\/span><\/h1>                            <p>Size en k\u0131sa s\u00fcrede geri d\u00f6n\u00fc\u015f yapaca\u011f\u0131z.<\/p>\n                                                <\/div>\n\n                            <!-- Start Contact Form -->\n                             <div class=\"form-wrapper\"> \n<div class=\"wpcf7 no-js\" id=\"wpcf7-f829-o1\" lang=\"en-US\" dir=\"ltr\">\n<div class=\"screen-reader-response\"><p role=\"status\" aria-live=\"polite\" aria-atomic=\"true\"><\/p> <ul><\/ul><\/div>\n<form action=\"\/index.php\/wp-json\/wp\/v2\/pages\/1239#wpcf7-f829-o1\" method=\"post\" class=\"wpcf7-form init\" aria-label=\"Contact form\" novalidate=\"novalidate\" data-status=\"init\">\n<div style=\"display: none;\">\n<input type=\"hidden\" name=\"_wpcf7\" value=\"829\" \/>\n<input type=\"hidden\" name=\"_wpcf7_version\" value=\"5.7.7\" \/>\n<input type=\"hidden\" name=\"_wpcf7_locale\" value=\"en_US\" \/>\n<input type=\"hidden\" name=\"_wpcf7_unit_tag\" value=\"wpcf7-f829-o1\" \/>\n<input type=\"hidden\" name=\"_wpcf7_container_post\" value=\"0\" \/>\n<input type=\"hidden\" name=\"_wpcf7_posted_data_hash\" value=\"\" \/>\n<\/div>\n<div class=\"form-wrapper\">\n    <div class=\"contact-form\">\n        <span class=\"wpcf7-form-control-wrap\" data-name=\"your-name\"><input size=\"40\" class=\"wpcf7-form-control wpcf7-text wpcf7-validates-as-required\" aria-required=\"true\" aria-invalid=\"false\" placeholder=\"Your Name *\" value=\"\" type=\"text\" name=\"your-name\" \/><\/span>\n        <span class=\"wpcf7-form-control-wrap\" data-name=\"your-email\"><input size=\"40\" class=\"wpcf7-form-control wpcf7-text wpcf7-email wpcf7-validates-as-required wpcf7-validates-as-email\" aria-required=\"true\" aria-invalid=\"false\" placeholder=\"Your Email *\" value=\"\" type=\"email\" name=\"your-email\" \/><\/span>\n        <span class=\"wpcf7-form-control-wrap\" data-name=\"your-subject\"><input size=\"40\" class=\"wpcf7-form-control wpcf7-text\" aria-invalid=\"false\" placeholder=\"Your Subject\" value=\"\" type=\"text\" name=\"your-subject\" \/><\/span>\n        <span class=\"wpcf7-form-control-wrap\" data-name=\"your-message\"><textarea cols=\"40\" rows=\"10\" class=\"wpcf7-form-control wpcf7-textarea wpcf7-validates-as-required\" aria-required=\"true\" aria-invalid=\"false\" placeholder=\"Your Message *\" name=\"your-message\"><\/textarea><\/span>\n        <div class=\"form-submit\">\n           <input class=\"wpcf7-form-control has-spinner wpcf7-submit btn-default\" id=\"btn\" type=\"submit\" value=\"Submit Now\" \/>\n        <\/div>\n        <div class=\"wpcf7-response-output\" aria-hidden=\"true\"><\/div>\n    <\/div>\n<\/div>\n<\/form>\n<\/div>\n <\/div>                         <\/div>\n                        <div class=\"col-lg-6 order-1 order-lg-2\">\n                                                            <div class=\"thumbnail mb_md--40 mb_sm--40\">\n                                    <img loading=\"lazy\" decoding=\"async\" width=\"800\" height=\"845\" src=\"https:\/\/ergeajans.com\/wp-content\/uploads\/2021\/09\/about-11.jpg\" class=\"elementor-animation-disable-animation attachment-full size-full wp-image-304\" alt=\"about-11\" srcset=\"https:\/\/ergeajans.com\/wp-content\/uploads\/2021\/09\/about-11.jpg 800w, https:\/\/ergeajans.com\/wp-content\/uploads\/2021\/09\/about-11-284x300.jpg 284w, https:\/\/ergeajans.com\/wp-content\/uploads\/2021\/09\/about-11-768x811.jpg 768w\" sizes=\"auto, (max-width: 800px) 100vw, 800px\" \/>                                <\/div>\n                                                    <\/div>\n                    <\/div>\n                <\/div>\n            <\/div>\n        <\/div>\n        <!-- End Contact Area  -->\n        \t\t<\/div>\n\t\t\t\t<\/div>\n\t\t\t\t<div class=\"elementor-element elementor-element-52e8978 elementor-widget elementor-widget-google_maps\" data-id=\"52e8978\" data-element_type=\"widget\" data-widget_type=\"google_maps.default\">\n\t\t\t\t<div class=\"elementor-widget-container\">\n\t\t\t<style>\/*! elementor - v3.13.3 - 28-05-2023 *\/\n.elementor-widget-google_maps .elementor-widget-container{overflow:hidden}.elementor-widget-google_maps .elementor-custom-embed{line-height:0}.elementor-widget-google_maps iframe{height:300px}<\/style>\t\t<div class=\"elementor-custom-embed\">\n\t\t\t<iframe loading=\"lazy\"\n\t\t\t\t\tsrc=\"https:\/\/maps.google.com\/maps?q=Erge%20Ajans%20&#038;t=m&#038;z=15&#038;output=embed&#038;iwloc=near\"\n\t\t\t\t\ttitle=\"Erge Ajans \"\n\t\t\t\t\taria-label=\"Erge Ajans \"\n\t\t\t><\/iframe>\n\t\t<\/div>\n\t\t\t\t<\/div>\n\t\t\t\t<\/div>\n\t\t\t\t\t<\/div>\n\t\t<\/div>\n\t\t\t\t\t\t\t<\/div>\n\t\t<\/section>\n\t\t\t\t\t\t\t<\/div>\n\t\t","protected":false},"excerpt":{"rendered":"<p>Size Nas\u0131l Yard\u0131mc\u0131 Olabiliriz? \u0130leti\u015fim formumuzu doldurarak veya do\u011frudan e-posta veya telefon ile bize ula\u015fabilirsiniz. \u0130leti\u015fim Numaralar\u0131 GSM: 0554 681 87 32 E-posta Adresimiz ersin@ergeajans.com ergeajans@gmail.com Konumumuz Ayd\u0131n Adnan Menderes \u00dcniversitesi Teknokent B\u00f6lgesi No:37\/B Ayd\u0131n-T\u00fcrkiye Siz de bizimle ileti\u015fime ge\u00e7in ve i\u015finizin dijital d\u00fcnyada \u00f6ne \u00e7\u0131kmas\u0131na nas\u0131l katk\u0131 sa\u011flayabilece\u011fimizi ke\u015ffedin Size en k\u0131sa s\u00fcrede geri [&hellip;]<\/p>\n","protected":false},"author":1,"featured_media":2819,"parent":0,"menu_order":0,"comment_status":"closed","ping_status":"closed","template":"elementor_header_footer","meta":{"footnotes":""},"class_list":["post-1239","page","type-page","status-publish","has-post-thumbnail","hentry"],"acf":[],"aioseo_notices":[],"_links":{"self":[{"href":"https:\/\/ergeajans.com\/index.php\/wp-json\/wp\/v2\/pages\/1239","targetHints":{"allow":["GET"]}}],"collection":[{"href":"https:\/\/ergeajans.com\/index.php\/wp-json\/wp\/v2\/pages"}],"about":[{"href":"https:\/\/ergeajans.com\/index.php\/wp-json\/wp\/v2\/types\/page"}],"author":[{"embeddable":true,"href":"https:\/\/ergeajans.com\/index.php\/wp-json\/wp\/v2\/users\/1"}],"replies":[{"embeddable":true,"href":"https:\/\/ergeajans.com\/index.php\/wp-json\/wp\/v2\/comments?post=1239"}],"version-history":[{"count":29,"href":"https:\/\/ergeajans.com\/index.php\/wp-json\/wp\/v2\/pages\/1239\/revisions"}],"predecessor-version":[{"id":2851,"href":"https:\/\/ergeajans.com\/index.php\/wp-json\/wp\/v2\/pages\/1239\/revisions\/2851"}],"wp:featuredmedia":[{"embeddable":true,"href":"https:\/\/ergeajans.com\/index.php\/wp-json\/wp\/v2\/media\/2819"}],"wp:attachment":[{"href":"https:\/\/ergeajans.com\/index.php\/wp-json\/wp\/v2\/media?parent=1239"}],"curies":[{"name":"wp","href":"https:\/\/api.w.org\/{rel}","templated":true}]}}